{"id":4860,"date":"2022-04-13T20:46:09","date_gmt":"2022-04-13T18:46:09","guid":{"rendered":"https:\/\/malware.dev.sebascodes.net\/?post_type=product&#038;p=4860"},"modified":"2025-06-27T06:05:57","modified_gmt":"2025-06-27T04:05:57","slug":"vpd-2","status":"publish","type":"product","link":"https:\/\/malware.dev.sebascodes.net\/?product=vpd-2","title":{"rendered":"VPD"},"content":{"rendered":"<div class=\"et_pb_column et_pb_column_1_2 et_pb_column_0 et_pb_css_mix_blend_mode_passthrough\">\n<div class=\"et_pb_module et_pb_text et_pb_text_0 et_pb_text_align_left et_pb_bg_layout_light\">\n<div class=\"et_pb_text_inner\">\n<blockquote>\n<ul>\n<li class=\"fusion-responsive-typography-calculated\" data-fontsize=\"28\" data-lineheight=\"38.08px\">Intensivo Vocaci\u00f3n Profesi\u00f3n y Dinero.<\/li>\n<li>Barcelona. 11,12,13 de Julio<\/li>\n<li><strong>Promoci\u00f3n \u00faltimas 2 plazas disponibles.<\/strong><\/li>\n<\/ul>\n<\/blockquote>\n<\/div>\n<\/div>\n<\/div>\n","protected":false},"excerpt":{"rendered":"<blockquote>\n<div class=\"fusion-text fusion-text-1\">\n<h3 class=\"wp-block-heading\">Programa intensivo donde transformar tu relaci\u00f3n con el Dinero, la Vocaci\u00f3n, la Profesi\u00f3n y el Talento.\u00a0Herramientas Sist\u00e9micas para el \u00e1rea Profesional, vocacional y de Negocios con Joan Corbal\u00e1n.<\/h3>\n<\/div>\n<\/blockquote>\n","protected":false},"featured_media":8642,"template":"","meta":{"_et_pb_use_builder":"","_et_pb_old_content":"","_et_gb_content_width":"","_monsterinsights_skip_tracking":false,"_monsterinsights_sitenote_active":false,"_monsterinsights_sitenote_note":"","_monsterinsights_sitenote_category":0,"_joinchat":[]},"product_brand":[],"product_cat":[76],"product_tag":[],"class_list":{"0":"post-4860","1":"product","2":"type-product","3":"status-publish","4":"has-post-thumbnail","6":"product_cat-sin-categorizar","8":"first","9":"instock","10":"sale","11":"taxable","12":"shipping-taxable","13":"purchasable","14":"product-type-simple"},"aioseo_notices":[],"_links":{"self":[{"href":"https:\/\/malware.dev.sebascodes.net\/index.php?rest_route=\/wp\/v2\/product\/4860","targetHints":{"allow":["GET"]}}],"collection":[{"href":"https:\/\/malware.dev.sebascodes.net\/index.php?rest_route=\/wp\/v2\/product"}],"about":[{"href":"https:\/\/malware.dev.sebascodes.net\/index.php?rest_route=\/wp\/v2\/types\/product"}],"wp:featuredmedia":[{"embeddable":true,"href":"https:\/\/malware.dev.sebascodes.net\/index.php?rest_route=\/wp\/v2\/media\/8642"}],"wp:attachment":[{"href":"https:\/\/malware.dev.sebascodes.net\/index.php?rest_route=%2Fwp%2Fv2%2Fmedia&parent=4860"}],"wp:term":[{"taxonomy":"product_brand","embeddable":true,"href":"https:\/\/malware.dev.sebascodes.net\/index.php?rest_route=%2Fwp%2Fv2%2Fproduct_brand&post=4860"},{"taxonomy":"product_cat","embeddable":true,"href":"https:\/\/malware.dev.sebascodes.net\/index.php?rest_route=%2Fwp%2Fv2%2Fproduct_cat&post=4860"},{"taxonomy":"product_tag","embeddable":true,"href":"https:\/\/malware.dev.sebascodes.net\/index.php?rest_route=%2Fwp%2Fv2%2Fproduct_tag&post=4860"}],"curies":[{"name":"wp","href":"https:\/\/api.w.org\/{rel}","templated":true}]}}