{"id":7168,"date":"2023-01-12T08:29:29","date_gmt":"2023-01-12T07:29:29","guid":{"rendered":"https:\/\/malware.dev.sebascodes.net\/?page_id=7168"},"modified":"2025-05-15T17:00:24","modified_gmt":"2025-05-15T15:00:24","slug":"observadores-formativos","status":"publish","type":"page","link":"https:\/\/malware.dev.sebascodes.net\/?page_id=7168","title":{"rendered":"Observadores Formativos"},"content":{"rendered":"\n<h2 class=\"wp-block-heading\">OBSERVADOR<\/h2>\n\n\n\n<p>Por favor, revisa primero que tengas disponibilidad en las fechas formativas, y revisa este documento.<\/p>\n\n\n\n<h2 class=\"wp-block-heading\">Imprescindible<\/h2>\n\n\n\n<ul class=\"wp-block-list\">\n<li>Haber Finalizado a d\u00eda de hoy la formaci\u00f3n de la cual quieres ser observador.<\/li>\n\n\n\n<li>No se admiten observadores de formaciones que no se han realizado anteriormente.<\/li>\n\n\n\n<li>Si ya has sido observador en otra edici\u00f3n, puedes volver a realizarnos la petici\u00f3n.<\/li>\n\n\n\n<li>Tener disponibilidad de fechas y horarios, en los espacios formativos, es decir, poder estar presente en la formaci\u00f3n tanto online como presencialmente.<\/li>\n<\/ul>\n\n\n\n<h2 class=\"wp-block-heading\">PUNTOS CLAVE<\/h2>\n\n\n\n<ul class=\"wp-block-list\">\n<li>Podr\u00e1s asistir a toda la formaci\u00f3n Completa Sin ning\u00fan Coste.<\/li>\n\n\n\n<li>Si hay un Stage u hospedaje extra en la formaci\u00f3n: el 50% del coste lo asumir\u00e1 el Observador, el otro 50% la escuela.<\/li>\n\n\n\n<li>Atenci\u00f3n: No formar\u00e1s parte de las din\u00e1micas del grupo.<\/li>\n\n\n\n<li>Atenci\u00f3n: Ni formar\u00e1s parte del Grupo de alumnos.<\/li>\n\n\n\n<li>Formar\u00e1s parte del Grupo de Colaboraci\u00f3n, Gesti\u00f3n y Equipo.<\/li>\n\n\n\n<li>Estar\u00e1s en la Formaci\u00f3n Completa y podr\u00e1s observar tu proceso propio (de manera personal e interna) podr\u00e1s observar el trabajo de Joan y de los formadores.<\/li>\n\n\n\n<li>Dar\u00e1s apoyo al equipo log\u00edstico y a los formadores.<\/li>\n<\/ul>\n\n\n\n<h2 class=\"wp-block-heading\">Compromisos<\/h2>\n\n\n\n<ul class=\"wp-block-list\">\n<li>Confirmaci\u00f3n de presencialidad en la formaci\u00f3n. Debes estar disponible en las fechas formativas.<\/li>\n\n\n\n<li>Si para ti, no es posible asistir a algunos m\u00f3dulos, es mejor espera a otro momento. Rellena el Formulario para otra edici\u00f3n.<\/li>\n\n\n\n<li>Por nuestra parte: Te daremos el soporte y formaci\u00f3n que necesites para las tareas de intercambio asignadas.<\/li>\n\n\n\n<li>Tendr\u00e1s acceso a todos los contenidos formativos y din\u00e1mica de trabajo.<\/li>\n<\/ul>\n\n\n\n<h2 class=\"wp-block-heading\">TAREAS DE INTERCAMBIO<\/h2>\n\n\n\n<ul class=\"wp-block-list\">\n<li>ONLINE: Abrir el Zoom formativo y ser el apoyo del formador en formato online<\/li>\n\n\n\n<li>ONLINE: Dar soporte al formador en las din\u00e1micas de Zoom (si fuera necesario)<\/li>\n\n\n\n<li>Apoyar el formador en el formato presencial (log\u00edstica y soporte)<\/li>\n\n\n\n<li>Gestiones de Sala Base (abrir la sala, poner la m\u00fasica, abrir a los alumnos y cerrar)<\/li>\n\n\n\n<li>Se les pide llegar 1 hora antes para poder preparar la sala y abrir a los alumnos. 9h<\/li>\n\n\n\n<li>En ocasiones: reponer tentempi\u00e9 o agua (del Mercadona de abajo) si se acaba.<\/li>\n\n\n\n<li>Llevar una peque\u00f1a gu\u00eda b\u00e1sica del trabajo realizado en el m\u00f3dulo (d\u00f3nde se han quedado, si se ha a\u00f1adido alguna din\u00e1mica nueva) y enviarla al \u00e1rea de gesti\u00f3n formativa. (aprox. 1 p\u00e1gina)<\/li>\n<\/ul>\n\n\n\n<h2 class=\"wp-block-heading\">limpieza y orden<\/h2>\n\n\n\n<ul class=\"wp-block-list\">\n<li>El Observador no debe gestionar limpiezas u orden:<\/li>\n\n\n\n<li>La Sala estar\u00e1 limpia y la persona de limpieza ir\u00e1 al finalizar el m\u00f3dulo<\/li>\n\n\n\n<li>No es necesario realizar ninguna actividad de limpieza<\/li>\n\n\n\n<li>En alguna ocasi\u00f3n se le pedir\u00e1 que ponga las sillas de meditaci\u00f3n o las sillas nada m\u00e1s.<\/li>\n<\/ul>\n\n\n\n<h2 class=\"wp-block-heading\">Formulario<\/h2>\n\n\n\n<p>La direcci\u00f3n formativa se pondr\u00e1 en contacto si tenemos alguna bacante de observadores formativos.<\/p>\n\n\n\n<div class=\"wp-block-buttons is-layout-flex wp-block-buttons-is-layout-flex\">\n<div class=\"wp-block-button\"><a class=\"wp-block-button__link wp-element-button\" href=\"https:\/\/forms.gle\/fqiXzn9oW9reNbpR7\" target=\"_blank\" rel=\"noreferrer noopener\">Formulario de Observador<\/a><\/div>\n<\/div>\n","protected":false},"excerpt":{"rendered":"<p>OBSERVADOR Por favor, revisa primero que tengas disponibilidad en las fechas formativas, y revisa este documento. Imprescindible PUNTOS CLAVE Compromisos TAREAS DE INTERCAMBIO limpieza y&hellip;<\/p>\n","protected":false},"author":1,"featured_media":0,"parent":0,"menu_order":0,"comment_status":"closed","ping_status":"closed","template":"","meta":{"_et_pb_use_builder":"off","_et_pb_old_content":"","_et_gb_content_width":"","_monsterinsights_skip_tracking":false,"_monsterinsights_sitenote_active":false,"_monsterinsights_sitenote_note":"","_monsterinsights_sitenote_category":0,"_joinchat":[],"footnotes":""},"class_list":["post-7168","page","type-page","status-publish","hentry"],"aioseo_notices":[],"_links":{"self":[{"href":"https:\/\/malware.dev.sebascodes.net\/index.php?rest_route=\/wp\/v2\/pages\/7168","targetHints":{"allow":["GET"]}}],"collection":[{"href":"https:\/\/malware.dev.sebascodes.net\/index.php?rest_route=\/wp\/v2\/pages"}],"about":[{"href":"https:\/\/malware.dev.sebascodes.net\/index.php?rest_route=\/wp\/v2\/types\/page"}],"author":[{"embeddable":true,"href":"https:\/\/malware.dev.sebascodes.net\/index.php?rest_route=\/wp\/v2\/users\/1"}],"replies":[{"embeddable":true,"href":"https:\/\/malware.dev.sebascodes.net\/index.php?rest_route=%2Fwp%2Fv2%2Fcomments&post=7168"}],"version-history":[{"count":15,"href":"https:\/\/malware.dev.sebascodes.net\/index.php?rest_route=\/wp\/v2\/pages\/7168\/revisions"}],"predecessor-version":[{"id":15520,"href":"https:\/\/malware.dev.sebascodes.net\/index.php?rest_route=\/wp\/v2\/pages\/7168\/revisions\/15520"}],"wp:attachment":[{"href":"https:\/\/malware.dev.sebascodes.net\/index.php?rest_route=%2Fwp%2Fv2%2Fmedia&parent=7168"}],"curies":[{"name":"wp","href":"https:\/\/api.w.org\/{rel}","templated":true}]}}