{"id":10958,"date":"2024-01-11T12:46:08","date_gmt":"2024-01-11T11:46:08","guid":{"rendered":"https:\/\/malware.dev.sebascodes.net\/?page_id=10958"},"modified":"2024-01-11T13:09:01","modified_gmt":"2024-01-11T12:09:01","slug":"como-llegar","status":"publish","type":"page","link":"https:\/\/malware.dev.sebascodes.net\/?page_id=10958","title":{"rendered":"C\u00f3mo llegar"},"content":{"rendered":"<p>[et_pb_section fb_built=\u00bb1&#8243; theme_builder_area=\u00bbpost_content\u00bb _builder_version=\u00bb4.23.4&#8243; _module_preset=\u00bbdefault\u00bb][et_pb_row _builder_version=\u00bb4.23.4&#8243; _module_preset=\u00bbdefault\u00bb theme_builder_area=\u00bbpost_content\u00bb][et_pb_column _builder_version=\u00bb4.23.4&#8243; _module_preset=\u00bbdefault\u00bb type=\u00bb4_4&#8243; theme_builder_area=\u00bbpost_content\u00bb][et_pb_image src=\u00bbhttps:\/\/malware.dev.sebascodes.net\/wp-content\/uploads\/2024\/01\/Screenshot_1.jpg\u00bb _builder_version=\u00bb4.23.4&#8243; _module_preset=\u00bbdefault\u00bb theme_builder_area=\u00bbpost_content\u00bb title_text=\u00bbScreenshot_1&#8243; url=\u00bbhttps:\/\/malware.dev.sebascodes.net\/crisolsala\/\u00bb hover_enabled=\u00bb0&#8243; sticky_enabled=\u00bb0&#8243;][\/et_pb_image][\/et_pb_column][\/et_pb_row][\/et_pb_section][et_pb_section fb_built=\u00bb1&#8243; _builder_version=\u00bb4.16&#8243; global_colors_info=\u00bb{}\u00bb][et_pb_row _builder_version=\u00bb4.23.4&#8243; background_size=\u00bbinitial\u00bb background_position=\u00bbtop_left\u00bb background_repeat=\u00bbrepeat\u00bb hover_enabled=\u00bb0&#8243; global_colors_info=\u00bb{}\u00bb sticky_enabled=\u00bb0&#8243;][et_pb_column type=\u00bb4_4&#8243; _builder_version=\u00bb4.16&#8243; custom_padding=\u00bb|||\u00bb global_colors_info=\u00bb{}\u00bb custom_padding__hover=\u00bb|||\u00bb][et_pb_text _builder_version=\u00bb4.23.4&#8243; background_size=\u00bbinitial\u00bb background_position=\u00bbtop_left\u00bb background_repeat=\u00bbrepeat\u00bb hover_enabled=\u00bb0&#8243; global_colors_info=\u00bb{}\u00bb sticky_enabled=\u00bb0&#8243;]<\/p>\n<p><!-- divi:heading {\"level\":3} --><!-- \/divi:paragraph --><!-- divi:heading {\"level\":3} --><\/p>\n<h3 class=\"wp-block-heading\">c\/ Sardenya 229, piso 2-3\u00ba &#8211; Barcelona<\/h3>\n<p><strong><a href=\"https:\/\/www.google.com\/maps\/dir\/\/joan+corbal%C3%A1n\/data=!4m6!4m5!1m1!4e2!1m2!1m1!1s0x12a4a2a354e7d3a7:0xaca754aef615f628?sa=X&amp;ved=2ahUKEwiyzPfr_rjqAhXHBGMBHXLWDbIQ9RcwFXoECBQQEQ\">\u00a0GOOGLE MAPS &#8211; C\u00f3mo llegar<\/a><\/strong><\/p>\n<p>&nbsp;<\/p>\n<p><span class=\"selectable-text copyable-text\"><span class=\"fe5nidar khvhiq1o r5qsrrlp i5tg98hk f9ovudaz przvwfww gx1rr48f gfz4du6o r7fjleex nz2484kf svot0ezm dcnh1tix sxl192xd t3g6t33p\"><span class=\"mpj7bzys xzlurrtv\"><img decoding=\"async\" draggable=\"false\" role=\"img\" class=\"emoji\" alt=\"\ud83d\udfe0\" src=\"https:\/\/s.w.org\/images\/core\/emoji\/14.0.0\/svg\/1f7e0.svg\" \/> Metro &#8211; Parada Monumental [l\u00ednea 2] a una calle de la Sala. (5min).<\/span><\/span><\/span><\/p>\n<p><span class=\"selectable-text copyable-text\"><span class=\"fe5nidar khvhiq1o r5qsrrlp i5tg98hk f9ovudaz przvwfww gx1rr48f gfz4du6o r7fjleex nz2484kf svot0ezm dcnh1tix sxl192xd t3g6t33p\"><span class=\"mpj7bzys xzlurrtv\"><img decoding=\"async\" draggable=\"false\" role=\"img\" class=\"emoji\" alt=\"\ud83d\udfe0\" src=\"https:\/\/s.w.org\/images\/core\/emoji\/14.0.0\/svg\/1f7e0.svg\" \/> Metro &#8211; Parada Sagrada Familia. [l\u00ednea 5] a 4 calles de la Sala (10-5min).<\/span><\/span><\/span><\/p>\n<p>&nbsp;<\/p>\n<p><span class=\"fe5nidar khvhiq1o r5qsrrlp i5tg98hk f9ovudaz przvwfww gx1rr48f gfz4du6o r7fjleex nz2484kf svot0ezm dcnh1tix sxl192xd t3g6t33p\"><span class=\"mpj7bzys xzlurrtv\"><img decoding=\"async\" draggable=\"false\" role=\"img\" class=\"emoji\" alt=\"\ud83c\udd7f\ufe0f\" src=\"https:\/\/s.w.org\/images\/core\/emoji\/14.0.0\/svg\/1f17f.svg\" \/><\/span><\/span><span class=\"selectable-text copyable-text\"> <\/span><b><strong class=\"selectable-text copyable-text nbipi2bn\">D\u00f3nde aparcar \/ Coches<\/strong><\/b><\/p>\n<p><span class=\"selectable-text copyable-text\"><span class=\"fe5nidar khvhiq1o r5qsrrlp i5tg98hk f9ovudaz przvwfww gx1rr48f gfz4du6o r7fjleex nz2484kf svot0ezm dcnh1tix sxl192xd t3g6t33p\"><span class=\"mpj7bzys xzlurrtv\"><img decoding=\"async\" draggable=\"false\" role=\"img\" class=\"emoji\" alt=\"\ud83d\udfe0\" src=\"https:\/\/s.w.org\/images\/core\/emoji\/14.0.0\/svg\/1f7e0.svg\" \/><\/span><\/span><b><strong class=\"selectable-text copyable-text nbipi2bn\"> Parking M<\/strong><\/b><strong><span class=\"selectable-text copyable-text jv8stmnn\">e<\/span>rcadona<\/strong>: debajo de la sala tenemos un Mercadona con 2h gratis por compra de m\u00ednima 20\u20ac. <\/span><\/p>\n<p><span class=\"selectable-text copyable-text\">\u00a0<\/span><span class=\"fe5nidar khvhiq1o r5qsrrlp i5tg98hk f9ovudaz przvwfww gx1rr48f gfz4du6o r7fjleex nz2484kf svot0ezm dcnh1tix sxl192xd t3g6t33p\"><span class=\"mpj7bzys xzlurrtv\"><img decoding=\"async\" draggable=\"false\" role=\"img\" class=\"emoji\" alt=\"\ud83c\udd7f\ufe0f\" src=\"https:\/\/s.w.org\/images\/core\/emoji\/14.0.0\/svg\/1f17f.svg\" \/><\/span><\/span><span class=\"selectable-text copyable-text\"> <\/span><b><strong class=\"selectable-text copyable-text nbipi2bn\">Parkin<\/strong><\/b><strong><span class=\"selectable-text copyable-text jv8stmnn\">g<\/span><\/strong><span class=\"selectable-text copyable-text\">: Hay zona azul\/verde: S\u00e1bados y Domingos gratuit<\/span><span class=\"selectable-text copyable-text jv8stmnn\">o<\/span><b><strong class=\"selectable-text copyable-text nbipi2bn\">. <\/strong><\/b><\/p>\n<p><b><strong class=\"selectable-text copyable-text nbipi2bn\"><span class=\"fe5nidar khvhiq1o r5qsrrlp i5tg98hk f9ovudaz przvwfww gx1rr48f gfz4du6o r7fjleex nz2484kf svot0ezm dcnh1tix sxl192xd t3g6t33p\"><span class=\"mpj7bzys xzlurrtv\"><img decoding=\"async\" draggable=\"false\" role=\"img\" class=\"emoji\" alt=\"\ud83d\udd35\" src=\"https:\/\/s.w.org\/images\/core\/emoji\/14.0.0\/svg\/1f535.svg\" \/> <\/span><\/span>Aplicaci\u00f3n parkimeter: https:\/\/parkimeter.co<\/strong><\/b><span class=\"selectable-text copyable-text jv8stmnn\">m<\/span><span class=\"selectable-text copyable-text jv8stmnn\">\/<\/span><b><strong class=\"selectable-text copyable-text nbipi2bn\">es <\/strong><\/b><\/p>\n<p><em>hay un parking muy econ\u00f3mico: a Gran V\u00eda de les Corts Catalanes, 724 \u201cGaraje A<span class=\"selectable-text copyable-text jv8stmnn\">l<\/span><span class=\"selectable-text copyable-text\">pha\u201d* .\u00a0 12e por 8hora<\/span><span class=\"selectable-text copyable-text jv8stmnn\">s<\/span>.<\/em><\/p>\n<p>&nbsp;<\/p>\n<p>&nbsp;<\/p>\n<p><!-- divi:html --><\/p>\n<p><iframe src=\"https:\/\/www.google.com\/maps\/embed?pb=!1m18!1m12!1m3!1d2992.794293941789!2d2.1748828156525706!3d41.400273479262914!2m3!1f0!2f0!3f0!3m2!1i1024!2i768!4f13.1!3m3!1m2!1s0x12a4a2a354e7d3a7%3A0xaca754aef615f628!2sJOAN%20CORBAL%C3%81N!5e0!3m2!1ses!2ses!4v1632474582269!5m2!1ses!2ses\" width=\"600\" height=\"450\" style=\"border: 0;\" allowfullscreen=\"\" loading=\"lazy\"><\/iframe><\/p>\n<p>&nbsp;<\/p>\n<p>&nbsp;<\/p>\n<p><!-- \/divi:paragraph --><\/p>\n<p>[\/et_pb_text][\/et_pb_column][\/et_pb_row][\/et_pb_section]<\/p>\n","protected":false},"excerpt":{"rendered":"<p>c\/ Sardenya 229, piso&#8230;<\/p>\n","protected":false},"author":1,"featured_media":0,"parent":0,"menu_order":0,"comment_status":"closed","ping_status":"closed","template":"","meta":{"_et_pb_use_builder":"on","_et_pb_old_content":"<!-- wp:heading {\"level\":3} -->\n<h3 class=\"wp-block-heading\">CONTACTO<\/h3>\n<!-- \/wp:heading -->\n\n<!-- wp:paragraph -->\n<p>Puedes contactar con nosotros a trav\u00e9s de lo siguientes canales:<\/p>\n<!-- \/wp:paragraph -->\n\n<!-- wp:heading {\"level\":3} -->\n<h3 class=\"wp-block-heading\">(+34)656717957 <\/h3>\n<!-- \/wp:heading -->\n\n<!-- wp:image {\"id\":2846,\"width\":90,\"height\":51,\"sizeSlug\":\"large\",\"linkDestination\":\"none\"} -->\n<figure class=\"wp-block-image size-large is-resized\"><a href=\"https:\/\/api.whatsapp.com\/send?phone=34656717957\"><img src=\"https:\/\/malware.dev.sebascodes.net\/wp-content\/uploads\/2021\/08\/WhatsApp-logo-1024x576.jpg\" alt=\"\" class=\"wp-image-2846\" width=\"90\" height=\"51\"\/><\/a><figcaption class=\"wp-element-caption\"><strong><a href=\"https:\/\/api.whatsapp.com\/send?phone=34656717957\" data-type=\"URL\" data-id=\"https:\/\/api.whatsapp.com\/send?phone=34656717957\">Contacto directo por WhatsApp<\/a><\/strong><\/figcaption><\/figure>\n<!-- \/wp:image -->\n\n<!-- wp:paragraph -->\n<p>contacto@joancorbalan.com<\/p>\n<!-- \/wp:paragraph -->\n\n<!-- wp:heading {\"level\":3} -->\n<h3 class=\"wp-block-heading\">c\/ Sardenya 229, piso 2-3\u00ba - Barcelona<\/h3>\n<!-- \/wp:heading -->\n\n<!-- wp:heading {\"level\":3} -->\n<h3 class=\"wp-block-heading\"><\/h3>\n<!-- \/wp:heading -->\n\n<!-- wp:html -->\n<iframe src=\"https:\/\/www.google.com\/maps\/embed?pb=!1m18!1m12!1m3!1d2992.794293941789!2d2.1748828156525706!3d41.400273479262914!2m3!1f0!2f0!3f0!3m2!1i1024!2i768!4f13.1!3m3!1m2!1s0x12a4a2a354e7d3a7%3A0xaca754aef615f628!2sJOAN%20CORBAL%C3%81N!5e0!3m2!1ses!2ses!4v1632474582269!5m2!1ses!2ses\" width=\"600\" height=\"450\" style=\"border:0;\" allowfullscreen=\"\" loading=\"lazy\"><\/iframe>\n<!-- \/wp:html -->\n\n<!-- wp:paragraph -->\n<p><em><small>En cumplimiento de lo dispuesto en la Ley Org\u00e1nica 15\/1999, del 13 de diciembre de Protecci\u00f3n de Datos de Car\u00e1cter Personal, le informamos de que los datos que voluntariamente incluya en este formulario formar\u00e1n parte de un fichero, titularidad de Joan Corbal\u00e1n y ser\u00e1n tratados con la finalidad de gestionar los datos de los contactos de la p\u00e1gina Web, as\u00ed como para mantenerle informado sobre cuestiones relativas a nuestra actividad y servicios. En cualquier momento podr\u00e1 revocar el consentimiento prestado, as\u00ed como ejercitar los derechos de acceso, rectificaci\u00f3n, oposici\u00f3n y cancelaci\u00f3n recogidos en el art\u00edculo 5.1 de la LOPD, a la direcci\u00f3n de correo electr\u00f3nico:&nbsp;<a href=\"mailto:secretaria@joancorbalan.com\" target=\"_blank\" rel=\"noreferrer noopener\">contacto@joancorbalan.com&nbsp;<\/a>Muchas gracias.<\/small><\/em><\/p>\n<!-- \/wp:paragraph -->\n\n<!-- wp:paragraph -->\n<p><a href=\"https:\/\/joancorbalan.com\/politica-de-privacidad-y-proteccion-de-datos\/\" target=\"_blank\" rel=\"noreferrer noopener\">Nuestra pol\u00edtica de Privacidad<\/a><\/p>\n<!-- \/wp:paragraph -->","_et_gb_content_width":"","_monsterinsights_skip_tracking":false,"_monsterinsights_sitenote_active":false,"_monsterinsights_sitenote_note":"","_monsterinsights_sitenote_category":0,"_joinchat":[],"footnotes":""},"class_list":["post-10958","page","type-page","status-publish","hentry"],"aioseo_notices":[],"_links":{"self":[{"href":"https:\/\/malware.dev.sebascodes.net\/index.php?rest_route=\/wp\/v2\/pages\/10958","targetHints":{"allow":["GET"]}}],"collection":[{"href":"https:\/\/malware.dev.sebascodes.net\/index.php?rest_route=\/wp\/v2\/pages"}],"about":[{"href":"https:\/\/malware.dev.sebascodes.net\/index.php?rest_route=\/wp\/v2\/types\/page"}],"author":[{"embeddable":true,"href":"https:\/\/malware.dev.sebascodes.net\/index.php?rest_route=\/wp\/v2\/users\/1"}],"replies":[{"embeddable":true,"href":"https:\/\/malware.dev.sebascodes.net\/index.php?rest_route=%2Fwp%2Fv2%2Fcomments&post=10958"}],"version-history":[{"count":8,"href":"https:\/\/malware.dev.sebascodes.net\/index.php?rest_route=\/wp\/v2\/pages\/10958\/revisions"}],"predecessor-version":[{"id":10986,"href":"https:\/\/malware.dev.sebascodes.net\/index.php?rest_route=\/wp\/v2\/pages\/10958\/revisions\/10986"}],"wp:attachment":[{"href":"https:\/\/malware.dev.sebascodes.net\/index.php?rest_route=%2Fwp%2Fv2%2Fmedia&parent=10958"}],"curies":[{"name":"wp","href":"https:\/\/api.w.org\/{rel}","templated":true}]}}